l(r). Let i be t(a). Let g(o) = -o**2 + 3*o - 1. Calculate g(i).
-5
Let g(n) be the first derivative of -n**2/2 - 4*n - 1. Let s(y) = -y + 1. Let m be s(-2). Suppose 0 = -5*l, -2*z + m*z - l + 4 = 0. Calculate g(z).
0
Let j(i) = 5 + 24*i - 4 - 21*i. Calculate j(-6).
-17
Let a(s) = s - 6. Let c(o) = -o + 14. Let q(r) = -7*a(r) - 3*c(r). Let j = -5 - -8. Suppose j*m = 5*m + 3*k + 1, -m + 6 = -5*k. Give q(m).
-4
Let p(t) = -t**3 - 4 - 21*t**2 + 13*t**2 + 13*t**2. Suppose 0 = 3*f - f - 20. Suppose b + f = 3*b. Calculate p(b).
-4
Let y(j) = 3*j - 4. Let s(x) = -4*x + 4. Let h(i) = 4*s(i) + 5*y(i). Suppose -4*n + 9*n = 0. Give h(n).
-4
Let k(w) = -w**2 - 3*w - 7. Let m(q) = 2*q**2 + 6*q + 13. Let o(i) = 7*k(i) + 4*m(i). Let f(b) = -b**3 + 3*b**2 - 3. Let s be f(3). Give o(s).
3
Let r be 2/(-6) + (-30)/(-9). Let q(k) = -2*k**2 + 4*k**3 + 1 + 2*k**3 + k**2 - 4*k**3 - r*k. What is q(2)?
7
Let v(i) = -4*i**2 + 6*i - 5. Let p(o) = 3*o**2 - 6*o + 3. Let w(z) = 5*p(z) + 4*v(z). Give w(-4).
3
Let x be (-126)/(-27) + 2/(-3). Let n(r) = 4*r - 1 + x - 2. Determine n(-1).
-3
Let i = 5 + 1. Let j(d) be the second derivative of -d**3/6 + 3*d**2 + 28*d. What is j(i)?
0
Let q(c) = -c**3 + 12*c**2 + 12*c + 17. Let o be q(13). Suppose 5*d = x - o, 4*x - 4*d = 6*x - 8. Let k(z) = -z**2 + 3*z + 1. What is k(x)?
-3
Let p(s) = -s - 6. Let w(b) = 1. Let h(v) = p(v) - w(v). Let f(a) = a**3 - 3*a**2 - 5*a. Let n be f(4). Determine h(n).
-3
Let u(z) = -z - 8. Let i be u(-2). Let t(p) = -p - 8. Calculate t(i).
-2
Let z(i) = -6*i. Let j(d) = -d**3 + 7*d**2 - 5*d - 5. Let n be j(6). Let s(q) = -q. Let k(r) = n*s(r) - z(r). Determine k(-1).
-5
Let m(x) = -x**3 + 3*x**2 - 5. Suppose 16*f - 20 = 11*f. What is m(f)?
-21
Let r(v) be the first derivative of v**5/60 - v**4/24 - v**3/2 + 5*v**2/2 + 1. Let l(x) be the second derivative of r(x). Determine l(0).
-3
Let m(p) = -p**3 - 11*p**2 + 6. Let d be m(-11). Let y = d + -4. Let u(f) = 26 - 29 + 2*f**y - 3*f**2 - 5*f. Determine u(-2).
3
Let w(t) = 0 + 66*t - 4 + 1 - 65*t. Calculate w(-8).
-11
Let y = 5 + -6. Let f be 5/10*(y + -1). Let t(d) = -8*d + 6*d - 9*d - 1. Calculate t(f).
10
Let c(i) = -i - 3*i - 5 + 3*i. Let o be c(-6). Let x(g) = g**2 - 2*g**2 + g + 8*g**3 - 2*g**3 - 3*g**3. Calculate x(o).
3
Let a(w) = w + 10. Let z be a(-13). Let h = 3 - z. Let f(b) = -b**3 + 5*b**2 + 8*b - 5. What is f(h)?
7
Let q be (-228)/(-60) + (-1)/(-5). Let l(n) = n**2 - n + 2. Determine l(q).
14
Suppose -3*x = 2*g - 2*x, 4*x - 8 = 0. Let l(i) = 3*i. Give l(g).
-3
Let g = -19 - -10. Let f be (g/(-6))/(4/8). Let i(m) = m**2 - m. Let o(r) = -4*r**2 + 5*r - 1. Let x(s) = -5*i(s) - o(s). Give x(f).
-8
Let w(z) = -z**3 + 5*z**2 - 3*z + 5. Suppose 2*g + 2*k - 5 = k, k + 15 = 2*g. Calculate w(g).
-10
Let f(t) = -3*t**2 + 3*t + 4. Let r(n) = 9*n**2 - 8*n - 11. Let u(c) = -11*f(c) - 4*r(c). Let v = -24 - -22. Calculate u(v).
-10
Let c = 13 + -9. Let p(j) = -j**3 + 3*j**2 + 5*j. What is p(c)?
4
Let y(a) be the first derivative of -a**2/2 - 6*a + 4. Let f = 3 - 3. Suppose -4*o + 9*o = f. Determine y(o).
-6
Let x(r) = -2*r**2 + 2*r - 1. Let i be x(1). Let h(l) be the first derivative of 0*l + 1/2*l**2 + 1/3*l**3 + 2 - 1/2*l**4. Give h(i).
2
Let u be ((-32)/(-12))/(3/(-9)) - -2. Let j(a) = -a**3 - 5*a**2 + 6*a - 1. Give j(u).
-1
Let f(o) = 9*o**3 + o**2 - 2*o**3 - 1 - 3*o - 6*o**3 + 0. Give f(-2).
1
Let m(o) be the second derivative of -o**3/3 + 3*o**2/2 + 7*o. Let n(k) = -3*k. Let a be n(-1). Let t be a + (-1 + 0)*1. What is m(t)?
-1
Let z(j) = j + 1. Let r(o) = 2*o - 2. Let b(m) = -r(m) - 2*z(m). Suppose 3*f = -d - 7, -7*d - f - 1 = -6*d. Suppose 0 = d*u - 0*u - 6. What is b(u)?
-12
Let n(i) = 4*i + 0*i + 2*i - 2 - i. Determine n(2).
8
Suppose z = -2*u + u + 2, -u + 5*z = 4. Let i(a) be the first derivative of u + 1/2*a**2 - a. What is i(-3)?
-4
Let r(b) be the first derivative of b**4/4 + 5*b**3/3 + b**2/2 - 1. Give r(-2).
10
Let a be ((-2)/(-6))/(8/72). Suppose -4*r + 17 = 5. Let m(g) = 0 + a - 2 + g**r + 6*g**3. Determine m(-1).
-6
Let h(l) be the second derivative of l**5/20 - l**4/3 + l**3/2 + 9*l. Let n be 1/(2/2)*2. Suppose n = 4*u - 6. Determine h(u).
-2
Let u(m) be the first derivative of 4*m**2 - 9*m + 3. Let p(g) = g. Let w(k) = 6*p(k) - u(k). Let c(d) = -3*d - 6. Let f be c(-4). What is w(f)?
-3
Let j(x) = -4*x - 1 - x + 7*x. What is j(3)?
5
Let m = -46 + 29. Let n = 15 + m. Let p(i) = 4*i**2 + i + i**2 - 3*i**2. What is p(n)?
6
Let h(n) = -n - 1. Let i(q) = -6*q + 4. Let r(k) = 5*h(k) - i(k). What is r(7)?
-2
Let d = 11 - 6. Let m(h) = -6*h - 25*h**2 + 31*h**2 + 5 + 1 - h**3. Let p be m(d). Let a(w) = 10*w - 1. Determine a(p).
9
Let r(x) = -x**2 + 2*x + 3. Let l be r(3). Let f(m) be the first derivative of -1/2*m**2 + 0*m - 1/3*m**3 - 2. Calculate f(l).
0
Let c(t) be the first derivative of -t**4/4 + t**3/3 + t**2 - 3*t - 1. Let b(a) = a - a**3 - 3 + 3*a + a**2 - 5*a**2. Let x be b(-5). Give c(x).
-3
Let z be 20/(-3) + 4 + 3. Let l(b) be the first derivative of 2*b**2 + 1 - z*b**3 - 2*b. What is l(4)?
-2
Suppose 0 = 3*w - 3 - 3. Let g(o) = -5 + 305*o - 301*o + 4. What is g(w)?
7
Suppose 5*v - 13 = -n + 12, -5*v + 15 = 3*n. Let i(q) = -q**2 + 9*q - 6. Calculate i(v).
12
Let l(b) = 172 + 2*b - 172 - b**2. What is l(5)?
-15
Let h(t) = -t + 7. Let c = -15 - -18. What is h(c)?
4
Suppose -l + 4*y = 13, 23 = -l + 2*l + 5*y. Let m(p) = -p**3 + 3*p**2 - 2*p + 1. Determine m(l).
-5
Let y(z) = -15 + 34*z + 31*z - 65*z - z**2. What is y(0)?
-15
Let u(h) = -4*h - 2. Let q = 15 + -12. Let n be q/((1 + 0)*1). Give u(n).
-14
Let l(p) = p**2 + 4*p + 2. Let g be -3*(4/6)/2. Let w(s) = -3*s. Let y be w(g). Suppose -1 + 7 = -y*a. Calculate l(a).
-2
Let i(w) = -w + 1. Let a(m) = m**3 + 3*m**2 - 4*m - 1. Let o be a(-4). Determine i(o).
2
Let h = 2 + -1. Let o(r) = r**3 - 3 + 4 - r**2 - 4*r + h. Suppose 0*n - 2*n - 5*b - 9 = 0, 2*n - 9 = b. Calculate o(n).
8
Let d be (-2)/5 - 18/5. Let y(p) = -p - 2. Let k(j) be the third derivative of j**4/8 + 5*j**3/6 + 2*j**2. Let c(n) = d*k(n) - 10*y(n). Determine c(-5).
10
Let v(x) = -x**3 + 3*x**2 - x + 2. Let q be v(2). Let r(k) = -4*k**2 + 13*k + 29. Let o(i) = i**2 - 3*i - 7. Let m(s) = 9*o(s) + 2*r(s). Give m(q).
7
Let f(q) be the third derivative of q**2 + 0 + 1/60*q**5 - 1/40*q**6 - 1/12*q**4 + 1/6*q**3 + 0*q. Suppose 2*n - 10 = -8*n. What is f(n)?
-3
Let i(c) = -c - 8. Let w(o) = -o**3 - 7*o**2 - o + 1. Suppose 3*t + 5 + 16 = 0. Let j be w(t). Suppose -z + 2*f = 8, -3*f = -3*z - f - j. What is i(z)?
-8
Let s(a) = a**3 - 14*a**2 - a + 16. Let l be s(14). Let g(b) = -b + 3. Determine g(l).
1
Let q(g) be the second derivative of g**4/12 - g**3/6 - g**2/2 + g. Let m(p) = -8*p**2 + 8*p + 10. Let b(y) = -m(y) - 6*q(y). Determine b(3).
8
Let d(w) be the second derivative of 0 + 1/2*w**2 + w - 1/6*w**3 + w**4. What is d(1)?
12
Let m(x) = x. Suppose 2*h - 30 = 3*h. Let y be 19/(-4) - h/40. Determine m(y).
-4
Let u(c) = -1. Let r(h) = h - 1. Let a(y) = 3*r(y) - 5*u(y). Let k(f) = -12*f - 8. Let o(p) = -9*a(p) - 2*k(p). Let g be ((-4)/(-3))/(24/36). Calculate o(g).
-8
Let j(g) = g**3 - g**2 + g - 1. Let f = 12 - 10. Determine j(f).
5
Let y be (6/(-10))/(5/25) + 6. Let t = 0 - -2. Let i(s) = -3*s**y + 12*s**2 - 6*s**2 - 4 + t*s**3 - 3*s. Calculate i(5).
6
Let n(x) be the second derivative of x**4/3 - x**2/2 + 9*x. Calculate n(-1).
3
Let l be ((-3)/2)/((-15)/50). Suppose -20 = -l*h - 4*f, 2*f + 8 = 4*h - 8. Let q(c) = c**2 - 4*c - 1. What is q(h)?
-1
Let b be -5*1*(-2 - -1). Suppose -3*p + b*p = 0. Let s(r) = -r**2 + 0*r**2 + 6 + 2*r - r. Calculate s(p).
6
Let i(c) = 5*c**2 + 13*c + 17. Let d(x) = -x**2 - 3*x - 4. Let p(n) = 9*d(n) + 2*i(n). Calculate p(0).
-2
Let x(i) = i**3 - i**2 - 3*i + 4. Suppose -5*y + 2*y = 5*h, -4*y = 3*h - 11. Give x(h).
-23
Suppose 2*h - 12 = 4*c + 7*h, -5*h = c + 18. Let x(s) = -2*s**c + 0*s + s**3 + 2*s**2 + 2*s. Give x(-2).
-12
Let t = 20 + -12. Let l be (-2)/9 + t/36. Let o(x) = x - 4. Calculate o(l).
-4
Suppose 3*q = 0, -2*t - 2*q + 10 = -6. Let s(v) = v + 6. Give s(t).
14
Let m = -3 + 2. Let h be (2/(-3))/(m/18). Suppose 9 = -b - 4*c - c, -2*b - 4*c = h. Let w(j) = -j**2 + 5. Calculate w(b).
-11
Let c(l) be the first derivative of -l**2 + 13*l - 3. Let a(y) = -y + 6. Let b(p) = -7*a(p) + 4*c(p). Let